ultiple of 25?
False
Does 16 divide 33577879?
False
Does 275 divide 17734750?
True
Is 106 a factor of 169909520?
True
Is 1639824 a multiple of 12?
True
Is 393711930 a multiple of 943?
True
Is 101 a factor of 31934661?
False
Is 583 a factor of 1717370501?
True
Is 1326899566 a multiple of 24?
False
Is 466189528 a multiple of 196?
True
Does 89 divide 34245509?
True
Is 326570984 a multiple of 33?
False
Is 18 a factor of 325954224?
True
Does 12 divide 1928075?
False
Is 36177482 a multiple of 874?
True
Does 129 divide 131114568?
True
Does 3078 divide 939196296?
True
Is 359 a factor of 2100780400?
False
Does 2445 divide 28625809?
False
Does 5591 divide 535623391?
True
Is 79504401 a multiple of 47?
True
Does 37 divide 82140142?
False
Is 42380712 a multiple of 72?
True
Is 881 a factor of 3048260?
True
Is 53400523 a multiple of 17?
False
Is 206 a factor of 42131532?
True
Is 184509327 a multiple of 1932?
False
Is 2146834230 a multiple of 91?
False
Is 232427101 a multiple of 1600?
False
Does 1626 divide 23419278?
True
Does 5 divide 3015855?
True
Is 90889658 a multiple of 158?
True
Is 1862 a factor of 60744026?
True
Is 543 a factor of 5571570?
False
Does 159 divide 165576717?
True
Is 40 a factor of 168629156?
False
Does 71 divide 238268971?
True
Is 14513304 a multiple of 312?
True
Does 37 divide 98900602?
False
Is 126 a factor of 11170152?
True
Is 25976464 a multiple of 254?
False
Does 1075 divide 144842596?
False
Is 341 a factor of 12605406?
True
Is 422 a factor of 11284280?
True
Is 102065544 a multiple of 2588?
True
Does 29 divide 1935608944?
True
Does 11 divide 98578225?
False
Is 323748031 a multiple of 537?
False
Does 300 divide 1453927500?
True
Is 224529246 a multiple of 7173?
True
Is 76 a factor of 3446349?
False
Is 179142216 a multiple of 88?
True
Does 29 divide 1228846355?
False
Is 1313231754 a multiple of 4?
False
Is 24554560 a multiple of 5?
True
Does 555 divide 366361120?
False
Does 95 divide 56016491?
False
Is 15 a factor of 108431630?
False
Is 2747 a factor of 138025762?
True
Is 6 a factor of 31216826?
False
Does 48 divide 487159824?
True
Does 56 divide 1890058352?
True
Is 1012 a factor of 213520431?
False
Does 475 divide 53922475?
True
Is 22406623 a multiple of 23?
True
Is 515715525 a multiple of 195?
True
Is 67388742 a multiple of 18?
True
Is 37 a factor of 40908122?
False
Is 193347301 a multiple of 1152?
False
Is 2890 a factor of 164907288?
False
Does 69 divide 24361623?
True
Does 27 divide 47785977?
True
Is 10456820 a multiple of 44?
True
Does 1882 divide 515387753?
False
Is 113 a factor of 14476496?
False
Does 1135 divide 10656515?
True
Is 134163317 a multiple of 89?
True
Is 531 a factor of 8942206?
False
Is 192471243 a multiple of 304?
False
Is 113 a factor of 3390383?
False
Is 1436762 a multiple of 38?
False
Is 44001833 a multiple of 598?
False
Is 1079 a factor of 19436027?
True
Is 407712150 a multiple of 21?
False
Does 441 divide 1887405030?
True
Is 806965214 a multiple of 11?
True
Is 429519892 a multiple of 81?
False
Does 13 divide 11930713?
False
Does 48 divide 72084664?
False
Does 61 divide 24535664?
True
Is 94 a factor of 16951772?
True
Does 149 divide 4083822694?
True
Is 66 a factor of 45546666?
True
Is 4961869 a multiple of 39?
False
Is 1368 a factor of 38490691?
False
Does 195 divide 1192071075?
True
Is 127 a factor of 17310481?
True
Is 86042248 a multiple of 2872?
True
Does 32 divide 171055941?
False
Is 15 a factor of 2268974310?
True
Is 35398656 a multiple of 67?
False
Is 4369 a factor of 581815361?
True
Is 18987612 a multiple of 57?
True
Does 9 divide 95335641?
True
Does 158 divide 18298920?
False
Is 18 a factor of 332812170?
True
Is 80911308 a multiple of 1119?
False
Is 52479849 a multiple of 1445?
False
Is 329777 a multiple of 2?
False
Is 503857404 a multiple of 18?
True
Is 8861424 a multiple of 3807?
False
Is 101197042 a multiple of 152?
False
Is 477289661 a multiple of 124?
False
Is 211417116 a multiple of 6?
True
Does 8 divide 84017120?
True
Is 9707209 a multiple of 37?
True
Is 39757971 a multiple of 11?
True
Is 242 a factor of 99074558?
True
Does 1944 divide 1444536632?
False
Is 92431779 a multiple of 2783?
True
Is 6174660 a multiple of 30?
True
Does 40 divide 4112781200?
True
Does 277 divide 2397048585?
True
Is 179 a factor of 457345?
True
Is 3312251 even?
False
Does 71 divide 234797414?
False
Is 41 a factor of 6341429?
True
Is 5 a factor of 84397357?
False
Is 608686591 a multiple of 2240?
False
Is 50664024 a multiple of 101?
True
Is 234532004 a multiple of 14?
True
Is 18553256 a multiple of 6096?
False
Is 2154 a factor of 276809747?
False
Does 17 divide 5146820108?
True
Is 15 a factor of 62223775?
False
Does 197 divide 304520827?
True
Does 13 divide 807040?
True
Does 6 divide 103082860?
False
Is 120 a factor of 416702040?
True
Does 30 divide 67298990?
False
Does 10 divide 24987428?
False
Is 77948834 a multiple of 13?
False
Does 2 divide 13588560?
True
Is 7 a factor of 326730304?
False
Does 108 divide 41044148?
False
Does 6 divide 4373604?
True
Does 15 divide 1763244?
False
Does 15 divide 3243611320?
False
Does 29 divide 11942519?
True
Does 346 divide 124009514?
True
Is 93 a factor of 1224196012?
False
Is 2130 a factor of 2059452?
False
Does 100 divide 313474000?
True
Is 193994259 a multiple of 2009?
False
Is 14562570 a multiple of 5?
True
Does 18 divide 1097631180?
True
Is 457083118 a multiple of 163?
False
Is 6585 a factor of 5132102240?
False
Is 3 a factor of 18418596?
True
Does 358 divide 5608070?
True
Is 14 a factor of 1166875500?
True
Does 20 divide 35494580?
True
Is 4 a factor of 1970884?
True
Is 18 a factor of 891648?
True
Is 43144689 a multiple of 16?
False
Is 77128918 a multiple of 16?
False
Is 773601695 a multiple of 145?
False
Does 180 divide 21378420?
True
Is 151 a factor of 136751187?
True
Is 152580644 a multiple of 1820?
False
Is 104933831 a multiple of 136?
False
Is 144198130 a multiple of 758?
True
Is 2012501178 a multiple of 18?
True
Is 2077 a factor of 29099056?
False
Is 171833858 a multiple of 7?
True
Is 1824 a factor of 22807296?
True
Is 24267199 a multiple of 204?
False
Is 7078617 a multiple of 63?
True
Is 13667456 a multiple of 544?
True
Is 41 a factor of 7116124?
True
Does 4 divide 1242187037?
False
Is 2888057247 a multiple of 1767?
True
Does 387 divide 12144798?
False
Is 636626676 a multiple of 3437?
False
Is 33684408 a multiple of 24?
True
Is 132 a factor of 33549116?
False
Does 29 divide 285018324?
False
Does 1446 divide 449335824?
True
Is 26 a factor of 2237358?
False
Does 50 divide 334882398?
False
Is 128 a factor of 608512512?
True
Does 29 divide 183974231?
True
Is 67815886 a multiple of 214?
False
Does 86 divide 2242278?
True
Does 55 divide 13750310?
False
Is 4 a factor of 72051384?
True
Is 21405155 a multiple of 7?
False
Is 85 a factor of 354124195?
True
Is 45485740 a multiple of 20?
True
Is 1764 a factor of 83545695?
False
Does 205 divide 45196965?
True
Is 1262 a factor of 74753537?
False
Does 373 divide 13671424?
False
Is 6011568 a multiple of 327?
True
Is 7315662 a multiple of 34?
False
Is 3389403502 a multiple of 64?
False
Is 1969003428 a multiple of 2292?
False
Does 374 divide 863212785?
False
Does 192 divide 236661549?
False
Is 4542 a factor of 1453702569?
False
Is 85 a factor of 1300840?
True
Is 15 a factor of 150009885?
True
Is 25 a factor of 123019575?
True
Is 139772546 a multiple of 329?
False
Does 456 divide 1269167928?
True
Is 83 a factor of 77910606?
True
Does 2790 divide 8405695260?
True
Does 16 divide 107182144?
True
Does 1111 divide 299005652?
True
Is 19441700 a multiple of 433?
True
Is 382562467 a multiple of 1631?
True
Does 5471 divide 2391302977?
True
Is 51 a factor of 4877655805?
False
Is 21 a factor of 2303826?
True
Is 2932 a factor of 21605908?
True
Is 43 a factor of 3049947?
True
Is 57547395 a multiple of 281?
True
Does 115 divide 1265792695?
True
Is 30 a factor of 2536355348?
False
Is 57114321 a multiple of 3?
True
Is 25 a factor of 2130105085?
False
Is 3873 a factor of 14395941?
True
Does 18 divide 782401039?
False
Is 12 a factor of 682005137?
False
Is 44176779 a multiple of 1014?
False
Does 16 divide 79890254?
False
Is 420265891 a multiple of 1871?
True
Is 662568050 a multiple of 25?
True
Is 868 a factor of 6949208?
True
Does 3 divide 16269713?
False
Is 55 